{"id":93,"date":"2018-05-30T13:35:53","date_gmt":"2018-05-30T11:35:53","guid":{"rendered":"https:\/\/freundeskreis-uganda.de\/?page_id=93"},"modified":"2025-11-16T11:54:08","modified_gmt":"2025-11-16T10:54:08","slug":"ueber-uns","status":"publish","type":"page","link":"https:\/\/freundeskreis-uganda.de\/index.php\/ueber-uns\/","title":{"rendered":"\u00dcber uns"},"content":{"rendered":"<p>Der Freundeskreis Uganda e.V. f\u00f6rdert soziale Projekte und Einrichtungen in Uganda. Dabei ist es unser Ziel, Hilfe zur Selbsthilfe zu leisten, die es unseren Partnern vor Ort erm\u00f6glicht, nach der Kooperation mit dem Freundeskreis ihre wichtige Arbeit im sozialen Bereich eigenst\u00e4ndig fortzuf\u00fchren. Wir wollen mit unserer Arbeit au\u00dferdem dazu beitragen, den interkulturellen Dialog und die gegenseitige Verst\u00e4ndigung zwischen Afrikaner*innen und Europ\u00e4er*innen auszubauen.<\/p>\n<p><img loading=\"lazy\" decoding=\"async\" class=\"aligncenter size-full wp-image-1057\" src=\"https:\/\/freundeskreis-uganda.de\/wp-content\/uploads\/2018\/06\/ueber-uns-e1528371986391.jpg\" alt=\"\" width=\"3515\" height=\"1798\" srcset=\"https:\/\/freundeskreis-uganda.de\/wp-content\/uploads\/2018\/06\/ueber-uns-e1528371986391.jpg 3515w, https:\/\/freundeskreis-uganda.de\/wp-content\/uploads\/2018\/06\/ueber-uns-e1528371986391-300x153.jpg 300w, https:\/\/freundeskreis-uganda.de\/wp-content\/uploads\/2018\/06\/ueber-uns-e1528371986391-768x393.jpg 768w, https:\/\/freundeskreis-uganda.de\/wp-content\/uploads\/2018\/06\/ueber-uns-e1528371986391-1024x524.jpg 1024w\" sizes=\"auto, (max-width: 3515px) 100vw, 3515px\" \/><\/p>\n<p><strong>Uganda &#8211; \u201eDie Perle Afrikas\u201c<\/strong><\/p>\n<p><a href=\"https:\/\/freundeskreis-uganda.de\/wp-content\/uploads\/2018\/05\/uganda-karte.jpg\"><img loading=\"lazy\" decoding=\"async\" class=\"alignleft wp-image-429 size-medium\" style=\"background-color: transparent; border-image-outset: 0; border-image-repeat: stretch; border-image-slice: 100%; border-image-source: none; border-image-width: 1; color: #333333; float: left; font-family: &amp;quot; noto serif&amp;quot;,serif; font-size: 17px; font-style: normal; font-variant: normal; font-weight: 400; height: 300px; letter-spacing: normal; max-width: 660px; orphans: 2; text-align: left; text-decoration: none; text-indent: 0px; text-transform: none; vertical-align: middle; -webkit-text-stroke-width: 0px; white-space: normal; word-spacing: 0px; margin: 7px 28px 28px 0px; border: 0px none #333333;\" src=\"https:\/\/freundeskreis-uganda.de\/wp-content\/uploads\/2018\/05\/uganda-karte-300x300.jpg\" alt=\"\" width=\"300\" height=\"300\" srcset=\"https:\/\/freundeskreis-uganda.de\/wp-content\/uploads\/2018\/05\/uganda-karte-300x300.jpg 300w, https:\/\/freundeskreis-uganda.de\/wp-content\/uploads\/2018\/05\/uganda-karte-150x150.jpg 150w, https:\/\/freundeskreis-uganda.de\/wp-content\/uploads\/2018\/05\/uganda-karte-768x768.jpg 768w, https:\/\/freundeskreis-uganda.de\/wp-content\/uploads\/2018\/05\/uganda-karte-1024x1024.jpg 1024w, https:\/\/freundeskreis-uganda.de\/wp-content\/uploads\/2018\/05\/uganda-karte.jpg 1200w\" sizes=\"auto, (max-width: 300px) 100vw, 300px\" \/><\/a>Uganda liegt am \u00c4quator und am gr\u00f6\u00dften See Afrikas, dem Viktoriasee. Das Land, das fl\u00e4chenm\u00e4\u00dfig so gro\u00df ist wie Gro\u00dfbritannien, verbindet die Savanne Ostafrikas mit den Regenw\u00e4ldern Zentralafrikas. Es hat ein tropisches Klima und ist sehr fruchtbar. Uganda ist ein enorm \u201ejunges\u201c Land: Die H\u00e4lfte seiner knapp 35 Mio. BewohnerInnen ist unter 15 Jahre alt. In dem Vielv\u00f6lkerstaat werden neben dem Englischen 40 afrikanische Sprachen und Dialekte gesprochen.<\/p>\n<p>Winston Churchill nannte Uganda einst die \u201ePerle Afrikas\u201c. Mit seiner bewegten Geschichte ist das Land heute leider nicht frei von sozialen, wirtschaftlichen und politischen Problemen. Mangelnde Demokratie und Rechtsstaatlichkeit treffen auf strukturelle Entwicklungsprobleme. Vor allem in l\u00e4ndlichen Gebieten fehlt es an wichtiger Infrastruktur und die Menschen haben vielerorts nur unzureichenden Zugang zu sauberem Trinkwasser, Elektrizit\u00e4t oder medizinischer Versorgung. Infektionskrankheiten wie Malaria, Typhus, Tuberkulose und HIV\/AIDS sind weit verbreitet. Gleichzeitig kommt es in den rasant wachsenden Gro\u00dfst\u00e4dten, vor allem in der Hauptstadt Kampala, zu immer gr\u00f6\u00dferen sozialen Problemen.\u00a0Reichlich Ansatzpunkte f\u00fcr Hilfe zur Selbsthilfe.<\/p>\n<p><img loading=\"lazy\" decoding=\"async\" class=\"aligncenter size-large wp-image-661\" src=\"https:\/\/freundeskreis-uganda.de\/wp-content\/uploads\/2018\/05\/IMG_9620-e1527782351897-1024x512.jpg\" alt=\"\" width=\"660\" height=\"330\" srcset=\"https:\/\/freundeskreis-uganda.de\/wp-content\/uploads\/2018\/05\/IMG_9620-e1527782351897-1024x512.jpg 1024w, https:\/\/freundeskreis-uganda.de\/wp-content\/uploads\/2018\/05\/IMG_9620-e1527782351897-300x150.jpg 300w, https:\/\/freundeskreis-uganda.de\/wp-content\/uploads\/2018\/05\/IMG_9620-e1527782351897-768x384.jpg 768w\" sizes=\"auto, (max-width: 660px) 100vw, 660px\" \/><\/p>\n<p><strong>Unsere Geschichte<\/strong><\/p>\n<p>Der Freundeskreis Uganda e.V. wurde Ende 2010 in Geislingen gegr\u00fcndet. Er war allerdings schon lange vor seiner offiziellen Gr\u00fcndung aktiv. Den Startschuss gab der Abiturjahrgang 2006 am Geislinger <a href=\"https:\/\/www.hegy.de\" target=\"_blank\" rel=\"noopener noreferrer\">Helfenstein-Gymnasium<\/a>. Auf Initiative von <a href=\"https:\/\/www.tim-zajontz.de\" target=\"_blank\" rel=\"noopener noreferrer\">Tim Zajontz<\/a> spendeten die AbsolventInnen damals \u00fcbriges Geld aus ihrer Klassenkasse an ein Klinik-Projekt in Uganda, \u00fcber das sie ihr ehemaliger Mitsch\u00fcler Thomas Bopp informiert hatte. Dieser absolvierte seinen Zivildienst in Uganda. Sein Mentor, Pfarrer Dr. Vincent Ndanda, hatte schon Jahre zuvor mit Unterst\u00fctzung eines deutschen Ehepaars eine Klinik im wenig entwickelten S\u00fcdosten des Landes aufgebaut. Heute ist das \u201eMusichimi Health Centre\u201c eines der Partnerprojekte des Freundeskreises Uganda.<\/p>\n<p><img loading=\"lazy\" decoding=\"async\" class=\"aligncenter wp-image-421 size-large\" src=\"https:\/\/freundeskreis-uganda.de\/wp-content\/uploads\/2018\/05\/Picture-540-e1527704177462-1024x510.jpg\" alt=\"\" width=\"660\" height=\"329\" srcset=\"https:\/\/freundeskreis-uganda.de\/wp-content\/uploads\/2018\/05\/Picture-540-e1527704177462-1024x510.jpg 1024w, https:\/\/freundeskreis-uganda.de\/wp-content\/uploads\/2018\/05\/Picture-540-e1527704177462-300x150.jpg 300w, https:\/\/freundeskreis-uganda.de\/wp-content\/uploads\/2018\/05\/Picture-540-e1527704177462-768x383.jpg 768w\" sizes=\"auto, (max-width: 660px) 100vw, 660px\" \/><\/p>\n<p><strong>Hilfe zur Selbsthilfe&#8230;<\/strong><\/p>\n<p>&#8230;streben wir vom Freundeskreis Uganda e.V. an. Der Anspruch an unsere Vereinsarbeit \u00fcbersteigt dabei den reinen Transfer von Spenden. Wir stehen in engem und pers\u00f6nlichem Kontakt mit unseren Partnerprojekten vor Ort, um die Nachhaltigkeit unserer Kooperationen gew\u00e4hrleisten zu k\u00f6nnen. Mit regelm\u00e4\u00dfigen Veranstaltungen m\u00f6chte der Freundeskreis Uganda e.V. au\u00dferdem das gegenseitige Bewusstsein und Verst\u00e4ndnis zwischen Menschen in Afrika und in Deutschland ausbauen. \u00dcber Ihr Interesse an unserem Verein freuen wir uns sehr!<\/p>\n<p><img loading=\"lazy\" decoding=\"async\" class=\"aligncenter size-large wp-image-673\" src=\"https:\/\/freundeskreis-uganda.de\/wp-content\/uploads\/2018\/05\/IMG_0237-e1527782929155-1024x514.jpg\" alt=\"\" width=\"660\" height=\"331\" srcset=\"https:\/\/freundeskreis-uganda.de\/wp-content\/uploads\/2018\/05\/IMG_0237-e1527782929155-1024x514.jpg 1024w, https:\/\/freundeskreis-uganda.de\/wp-content\/uploads\/2018\/05\/IMG_0237-e1527782929155-300x150.jpg 300w, https:\/\/freundeskreis-uganda.de\/wp-content\/uploads\/2018\/05\/IMG_0237-e1527782929155-768x385.jpg 768w\" sizes=\"auto, (max-width: 660px) 100vw, 660px\" \/><\/p>\n<p><strong>Werden auch Sie ein Freund Ugandas!<\/strong><\/p>\n<p><img loading=\"lazy\" decoding=\"async\" class=\"alignright size-medium wp-image-17\" src=\"https:\/\/freundeskreis-uganda.de\/wp-content\/uploads\/2018\/05\/logo_gross-300x300.jpg\" alt=\"\" width=\"300\" height=\"300\" srcset=\"https:\/\/freundeskreis-uganda.de\/wp-content\/uploads\/2018\/05\/logo_gross-300x300.jpg 300w, https:\/\/freundeskreis-uganda.de\/wp-content\/uploads\/2018\/05\/logo_gross-150x150.jpg 150w, https:\/\/freundeskreis-uganda.de\/wp-content\/uploads\/2018\/05\/logo_gross.jpg 555w\" sizes=\"auto, (max-width: 300px) 100vw, 300px\" \/>Mit nur einem Euro monatlich k\u00f6nnen Sie <a href=\"https:\/\/freundeskreis-uganda.de\/wp-content\/uploads\/2023\/09\/Mitgliedsantrag-Freundeskreis-Uganda-SEPA_2023.pdf\" target=\"_blank\" rel=\"noopener\">Mitglied des Freundeskreises Uganda e.V. werden<\/a> und unsere Partnerorganisationen in ihrer wichtigen Arbeit unterst\u00fctzen!<\/p>\n<p><strong>Ihre Spende \u2013 unsere \u201eGarantie\u201c<\/strong><\/p>\n<p>Wir sind einer der wenigen Vereine in der Entwicklungszusammenarbeit, der garantieren kann, dass 100 % (!) Ihrer Spende direkt bei unseren Partnerprojekten ankommen. Als rein ehrenamtlicher Verein halten wir unsere Verwaltungskosten auf einem absoluten Minimum. Wo Verwaltungskosten anfallen, werden diese durch Mitgliedsbeitr\u00e4ge gedeckt. Alle Spenden gehen direkt an unsere Partnerprojekte!<\/p>\n<p>Als gemeinn\u00fctziger Verein sind wir steuerbeg\u00fcnstigt. Sie k\u00f6nnen Ihre Spende demnach steuerlich geltend machen. Hierzu gen\u00fcgt bei Spenden bis 300 \u20ac ein Kontoauszug als Nachweis. Bei gr\u00f6\u00dferen Spenden senden wir Ihnen gerne eine Spendenbescheinigung zu. Teilen Sie uns hierf\u00fcr bitte Ihre Adresse mit.<\/p>\n<p>Unser Spendenkonto:<br \/>Freundeskreis Uganda e.V. | IBAN: DE25 4306 0967 7010 7487 00 |\u00a0\u00a0\u00a0 BIC: GENODEM1GLS<\/p>\n<p><img loading=\"lazy\" decoding=\"async\" class=\"alignnone size-full wp-image-1313\" src=\"https:\/\/freundeskreis-uganda.de\/wp-content\/uploads\/2018\/06\/IMG_1383.jpg\" alt=\"\" width=\"4320\" height=\"3240\" srcset=\"https:\/\/freundeskreis-uganda.de\/wp-content\/uploads\/2018\/06\/IMG_1383.jpg 4320w, https:\/\/freundeskreis-uganda.de\/wp-content\/uploads\/2018\/06\/IMG_1383-300x225.jpg 300w, https:\/\/freundeskreis-uganda.de\/wp-content\/uploads\/2018\/06\/IMG_1383-768x576.jpg 768w, https:\/\/freundeskreis-uganda.de\/wp-content\/uploads\/2018\/06\/IMG_1383-1024x768.jpg 1024w\" sizes=\"auto, (max-width: 4320px) 100vw, 4320px\" \/><\/p>\n\n\n<p><\/p>\n","protected":false},"excerpt":{"rendered":"<p>Der Freundeskreis Uganda e.V. f\u00f6rdert soziale Projekte und Einrichtungen in Uganda. Dabei ist es unser Ziel, Hilfe zur Selbsthilfe zu leisten, die es unseren Partnern vor Ort erm\u00f6glicht, nach der Kooperation mit dem Freundeskreis ihre wichtige Arbeit im sozialen Bereich eigenst\u00e4ndig fortzuf\u00fchren. Wir wollen mit unserer Arbeit au\u00dferdem dazu beitragen, den interkulturellen Dialog und die &hellip; <a href=\"https:\/\/freundeskreis-uganda.de\/index.php\/ueber-uns\/\" class=\"more-link\"><span class=\"screen-reader-text\">\u00dcber uns<\/span> weiterlesen<\/a><\/p>\n","protected":false},"author":1,"featured_media":1009,"parent":0,"menu_order":0,"comment_status":"closed","ping_status":"closed","template":"","meta":{"footnotes":""},"class_list":["post-93","page","type-page","status-publish","has-post-thumbnail","hentry"],"_links":{"self":[{"href":"https:\/\/freundeskreis-uganda.de\/index.php\/wp-json\/wp\/v2\/pages\/93","targetHints":{"allow":["GET"]}}],"collection":[{"href":"https:\/\/freundeskreis-uganda.de\/index.php\/wp-json\/wp\/v2\/pages"}],"about":[{"href":"https:\/\/freundeskreis-uganda.de\/index.php\/wp-json\/wp\/v2\/types\/page"}],"author":[{"embeddable":true,"href":"https:\/\/freundeskreis-uganda.de\/index.php\/wp-json\/wp\/v2\/users\/1"}],"replies":[{"embeddable":true,"href":"https:\/\/freundeskreis-uganda.de\/index.php\/wp-json\/wp\/v2\/comments?post=93"}],"version-history":[{"count":27,"href":"https:\/\/freundeskreis-uganda.de\/index.php\/wp-json\/wp\/v2\/pages\/93\/revisions"}],"predecessor-version":[{"id":3013,"href":"https:\/\/freundeskreis-uganda.de\/index.php\/wp-json\/wp\/v2\/pages\/93\/revisions\/3013"}],"wp:featuredmedia":[{"embeddable":true,"href":"https:\/\/freundeskreis-uganda.de\/index.php\/wp-json\/wp\/v2\/media\/1009"}],"wp:attachment":[{"href":"https:\/\/freundeskreis-uganda.de\/index.php\/wp-json\/wp\/v2\/media?parent=93"}],"curies":[{"name":"wp","href":"https:\/\/api.w.org\/{rel}","templated":true}]}}