{"id":197,"date":"2018-05-30T14:14:51","date_gmt":"2018-05-30T12:14:51","guid":{"rendered":"https:\/\/freundeskreis-uganda.de\/?page_id=197"},"modified":"2025-11-09T16:28:01","modified_gmt":"2025-11-09T15:28:01","slug":"die-musichimi-klinik","status":"publish","type":"page","link":"https:\/\/freundeskreis-uganda.de\/index.php\/unsere-partnerprojekte\/die-musichimi-klinik\/","title":{"rendered":"Die &#8222;Musichimi&#8220;-Klinik"},"content":{"rendered":"\n<p><strong>Gesundheitsversorgung fernab der Hauptstra\u00dfen<\/strong><\/p>\n\n\n\n<p>Das \u201eMusichimi Health Centre\u201c ist eine Klinik im <a href=\"https:\/\/de.wikipedia.org\/wiki\/Distrikt_Busia_(Uganda)\" target=\"_blank\" rel=\"noopener noreferrer\">Busia-Distrikt<\/a> im S\u00fcdosten Ugandas. \u201eMusichimi\u201c bedeutet Busch oder Wald und beschreibt die dortige Vegetation. Die l\u00e4ndliche Gegend ist gepr\u00e4gt von fehlender Infrastruktur und sehr geringen Einkommen. Medizinische Versorgung k\u00f6nnen sich hier nur die wenigsten leisten, zumal es an entsprechenden Einrichtungen mangelt. Dies hat Pfarrer Dr. Vincent Ndanda und das deutsche Ehepaar Dietze dazu bewogen, die Klinik ins Leben zu rufen.<\/p>\n\n\n\n<p>Seit ihrer Inbetriebnahme im Jahr 2004 versorgt die Klinik eine stetig wachsende Patientenzahl in einem Einzugsgebiet, in dem rund 6.000 Menschen leben. Neben der Behandlung von Infektionskrankheiten wie Malaria, Typhus oder Tuberkulose werden in der Musichimi-Klinik auch Entbindungen vorgenommen. Die Klinik bietet zudem Labortests, Schutzimpfungen sowie Beratung f\u00fcr M\u00fctter und HIV-Infizierte an.<\/p>\n\n\n<div class=\"wp-block-image\">\n<figure class=\"aligncenter\"><img loading=\"lazy\" decoding=\"async\" width=\"2400\" height=\"1196\" src=\"https:\/\/freundeskreis-uganda.de\/wp-content\/uploads\/2018\/05\/Picture-540-e1527704177462.jpg\" alt=\"\" class=\"wp-image-421\" srcset=\"https:\/\/freundeskreis-uganda.de\/wp-content\/uploads\/2018\/05\/Picture-540-e1527704177462.jpg 2400w, https:\/\/freundeskreis-uganda.de\/wp-content\/uploads\/2018\/05\/Picture-540-e1527704177462-300x150.jpg 300w, https:\/\/freundeskreis-uganda.de\/wp-content\/uploads\/2018\/05\/Picture-540-e1527704177462-768x383.jpg 768w, https:\/\/freundeskreis-uganda.de\/wp-content\/uploads\/2018\/05\/Picture-540-e1527704177462-1024x510.jpg 1024w\" sizes=\"auto, (max-width: 2400px) 100vw, 2400px\" \/><\/figure>\n<\/div>\n\n\n<p><strong>\u201eDorfvisite\u201c, Gesundheitspr\u00e4vention und Aufkl\u00e4rung<\/strong><\/p>\n\n\n\n<p>Das Einzugsgebiet der Klinik ist riesig und den Menschen fehlt es an Transportm\u00f6glichkeiten in der unwegsamen Region ohne geteerte Stra\u00dfen. In so genannten \u201eOutreach\u201c-Programmen besucht das Klinikpersonal deshalb regelm\u00e4\u00dfig die umliegenden D\u00f6rfer und Siedlungen. Bei diesen Besuchen ber\u00e4t das Team die Menschen zum Schutz vor Infektionskrankheiten, \u00fcber notwendige Impfungen und zur Familienplanung. Au\u00dferdem kl\u00e4rt das Klinik-Team regelm\u00e4\u00dfig werdende M\u00fctter \u00fcber die medizinischen Vorteile einer Entbindung in der Musichimi-Klinik auf. Leider enden noch immer zu viele Geburten, die ohne Betreuung durch medizinisch geschultes Personal in den D\u00f6rfern erfolgen, f\u00fcr M\u00fctter und\/oder Babies t\u00f6dlich. Erfreulicherweise sucht inzwischen eine schnell wachsende Zahl schwangerer Frauen zur Entbindung die Musichimi-Klinik auf.<\/p>\n\n\n<div class=\"wp-block-image\">\n<figure class=\"aligncenter\"><img loading=\"lazy\" decoding=\"async\" width=\"1024\" height=\"512\" src=\"https:\/\/freundeskreis-uganda.de\/wp-content\/uploads\/2018\/05\/IMG_9505-e1527758921860-1024x512.jpg\" alt=\"\" class=\"wp-image-469\" srcset=\"https:\/\/freundeskreis-uganda.de\/wp-content\/uploads\/2018\/05\/IMG_9505-e1527758921860-1024x512.jpg 1024w, https:\/\/freundeskreis-uganda.de\/wp-content\/uploads\/2018\/05\/IMG_9505-e1527758921860-300x150.jpg 300w, https:\/\/freundeskreis-uganda.de\/wp-content\/uploads\/2018\/05\/IMG_9505-e1527758921860-768x384.jpg 768w\" sizes=\"auto, (max-width: 1024px) 100vw, 1024px\" \/><\/figure>\n<\/div>\n\n\n<p><strong>Bau des Mitarbeitertrakts<\/strong><\/p>\n\n\n\n<p>Im Oktober 2018 fand die Grundsteinlegung f\u00fcr den Mitarbeitertrakt bei der Musichimi Klink statt. Mehrere Ladungen Sand und Steine f\u00fcr die Grundmauern, Steine und viel Zement f\u00fcr die Bodenplatte wurden zur Baustellen gefahren und verarbeitet. Die fertige Bodenplatte war 2018 sogar auf<br>Google maps aus der Vogelperspektive zu erkennen.<\/p>\n\n\n\n<figure class=\"wp-block-image alignnone wp-image-1541 size-full\"><img loading=\"lazy\" decoding=\"async\" width=\"993\" height=\"657\" src=\"https:\/\/freundeskreis-uganda.de\/wp-content\/uploads\/2019\/11\/Bau-Mitarbeiter-Trakt.png\" alt=\"\" class=\"wp-image-1541\" srcset=\"https:\/\/freundeskreis-uganda.de\/wp-content\/uploads\/2019\/11\/Bau-Mitarbeiter-Trakt.png 993w, https:\/\/freundeskreis-uganda.de\/wp-content\/uploads\/2019\/11\/Bau-Mitarbeiter-Trakt-300x198.png 300w, https:\/\/freundeskreis-uganda.de\/wp-content\/uploads\/2019\/11\/Bau-Mitarbeiter-Trakt-768x508.png 768w\" sizes=\"auto, (max-width: 993px) 100vw, 993px\" \/><figcaption class=\"wp-element-caption\">Oktober 2019 Bau der Grundmauern des Mitarbeitertrakts<\/figcaption><\/figure>\n\n\n\n<p>Im Oktober 2019 wurden dann die Grundmauern des Geb\u00e4udes erstellt. Ab diesem Zeitpunkt lassen sich die vier Wohneinheiten der Angestellten erkennen. Wie in Uganda \u00fcblich wurde auch der Mitarbeitertrakt aus gebrannten Tonziegeln und Zement erstellt. Im Februar 2020 wurde dann mit dem Aufbau des Dachstuhls und dem Decken des Daches mit blauem Wellblech begonnen.<\/p>\n\n\n\n<p><img loading=\"lazy\" decoding=\"async\" width=\"628\" height=\"332\" class=\"alignnone wp-image-1893 size-full\" src=\"https:\/\/freundeskreis-uganda.de\/wp-content\/uploads\/2020\/12\/lagebild.jpg\" alt=\"\" srcset=\"https:\/\/freundeskreis-uganda.de\/wp-content\/uploads\/2020\/12\/lagebild.jpg 628w, https:\/\/freundeskreis-uganda.de\/wp-content\/uploads\/2020\/12\/lagebild-300x159.jpg 300w\" sizes=\"auto, (max-width: 628px) 100vw, 628px\" \/><\/p>\n\n\n\n<p class=\"has-text-align-left\" style=\"font-size:18px\">Im Herbst 2020 konnten wir erneut Spendengelder f\u00fcr den Weiterbau des Mitarbeitertraktes nach Musichimi \u00fcberweisen. Damit konnte das lang ersehnte Geb\u00e4ude endlich fertiggestellt werden. Insgesamt sind f\u00fcnf nebeneinander liegende Wohneinheiten f\u00fcr das Klinikpersonal entstanden. Im Januar konnten der Bau in einer kleinen Zeremonie eingeweiht und an die Mitarbeiter \u00fcbergeben werden. Die Freude dar\u00fcber war riesengro\u00df! Der herzliche Dank der Mitarbeiter geht an alle Freunde und Unterst\u00fctzer, die den Bau des Mitarbeitertraktes erm\u00f6glicht und so zur weiteren Professionalisierung der Musichimi Klink beigetragen haben!<\/p>\n\n\n\n<figure class=\"wp-block-image alignnone wp-image-1973\"><img loading=\"lazy\" decoding=\"async\" width=\"1080\" height=\"810\" src=\"https:\/\/freundeskreis-uganda.de\/wp-content\/uploads\/2021\/08\/staff-quaters2.jpg\" alt=\"\" class=\"wp-image-1973\" srcset=\"https:\/\/freundeskreis-uganda.de\/wp-content\/uploads\/2021\/08\/staff-quaters2.jpg 1080w, https:\/\/freundeskreis-uganda.de\/wp-content\/uploads\/2021\/08\/staff-quaters2-300x225.jpg 300w, https:\/\/freundeskreis-uganda.de\/wp-content\/uploads\/2021\/08\/staff-quaters2-1024x768.jpg 1024w, https:\/\/freundeskreis-uganda.de\/wp-content\/uploads\/2021\/08\/staff-quaters2-768x576.jpg 768w\" sizes=\"auto, (max-width: 1080px) 100vw, 1080px\" \/><figcaption class=\"wp-element-caption\">Dezember 2020 der neue Mitarbeitertrakt der Musichimi Klinik<\/figcaption><\/figure>\n\n\n\n<p>Das gro\u00dfe Projekt im Jahr 2023 war die Erweiterung der Musichimi Klinik. In den ehemaligen R\u00e4umen des alten Mitarbeitertraktes soll eine HIV-Klinik, eine Tuberkulose-Testklinik, ein \u00e4rzt-liches Sprechzimmer und ein kleiner Operationssaal entstehen. Inzwischen ist nicht nur die Renovierung der R\u00e4ume abgeschlossen, sondern auch der OP-Tisch angeschafft. Trotz inflations-bedingt deutlich gestiegener Kosten, konnten wir die Beschaffung des Tisches um den Jahreswechsel erfolgreich umsetzen. Dank mehrere erfolgreicher Projektantr\u00e4ge und Mitgliedern, die tatkr\u00e4ftige Werbung f\u00fcr dieses Projekt gemacht haben, konnte auch das weitere Equipment bereits finanziert werden.<\/p>\n\n\n\n<figure class=\"wp-block-image size-large\"><img loading=\"lazy\" decoding=\"async\" width=\"1024\" height=\"768\" src=\"https:\/\/freundeskreis-uganda.de\/wp-content\/uploads\/2023\/07\/IMG-20230515-WA0000-1-1024x768.jpg\" alt=\"\" class=\"wp-image-2221\" srcset=\"https:\/\/freundeskreis-uganda.de\/wp-content\/uploads\/2023\/07\/IMG-20230515-WA0000-1-1024x768.jpg 1024w, https:\/\/freundeskreis-uganda.de\/wp-content\/uploads\/2023\/07\/IMG-20230515-WA0000-1-300x225.jpg 300w, https:\/\/freundeskreis-uganda.de\/wp-content\/uploads\/2023\/07\/IMG-20230515-WA0000-1-768x576.jpg 768w, https:\/\/freundeskreis-uganda.de\/wp-content\/uploads\/2023\/07\/IMG-20230515-WA0000-1.jpg 1280w\" sizes=\"auto, (max-width: 1024px) 100vw, 1024px\" \/><\/figure>\n\n\n\n<p><\/p>\n\n\n\n<p><strong>Mieteinnahmen zur langfristigen Klinik-Finanzierung<\/strong><\/p>\n\n\n\n<p style=\"font-size:18px\">Von Beginn an war das Ziel aller Beteiligten, die Klinik finanziell auf eigene Beine zu stellen. Als Nichtregierungsorganisation (NGO) erh\u00e4lt die Einrichtung nur in sehr begrenztem Umfang staatliche Unterst\u00fctzung. Der Gro\u00dfteil der laufenden Kosten, darunter die Geh\u00e4lter des Klinikpersonals, und der Ausbau der Klinik wurden lange Zeit von ausl\u00e4ndischen Spender*innen getragen. Im Jahr 2011 entschied sich der Freundeskreis deshalb, das&nbsp;\u201eMayuge Housing Project\u201c zu unterst\u00fctzen, um die finanzielle Abh\u00e4ngigkeit der Musichimi-Klinik schrittweise zu verringern.&nbsp;Mithilfe von Spenden des Freundeskreises und anderer Unterst\u00fctzer*innen konnten in diesem Projekt zwei Doppelh\u00e4user sowie f\u00fcnf kleinere Wohneinheiten in der Kreisstadt Mayuge errichtet werden. Dank der Mieteinnahmen aus dem Hausbauprojekt kann das &#8222;Musichimi Health Centre&#8220; inzwischen die laufenden Kosten aus dem Klinikbetrieb eigenst\u00e4ndig decken. Echte \u201eHilfe zur Selbsthilfe\u201c!<\/p>\n\n\n<div class=\"wp-block-image\">\n<figure class=\"aligncenter\"><img loading=\"lazy\" decoding=\"async\" width=\"1024\" height=\"512\" src=\"https:\/\/freundeskreis-uganda.de\/wp-content\/uploads\/2018\/05\/IMG_9399-e1527706201415-1024x512.jpg\" alt=\"\" class=\"wp-image-453\" srcset=\"https:\/\/freundeskreis-uganda.de\/wp-content\/uploads\/2018\/05\/IMG_9399-e1527706201415-1024x512.jpg 1024w, https:\/\/freundeskreis-uganda.de\/wp-content\/uploads\/2018\/05\/IMG_9399-e1527706201415-300x150.jpg 300w, https:\/\/freundeskreis-uganda.de\/wp-content\/uploads\/2018\/05\/IMG_9399-e1527706201415-768x384.jpg 768w\" sizes=\"auto, (max-width: 1024px) 100vw, 1024px\" \/><\/figure>\n<\/div>\n\n\n<p><strong>Spenden-Marathon f\u00fcr eine &#8222;Musichimi-Ambulanz&#8220;<\/strong><\/p>\n\n\n\n<p style=\"font-size:18px\">Mit stetig wachsenden Patientenzahlen stieg seit Gr\u00fcndung der Klinik im Jahr 2004 auch der Bedarf an Krankentransporten. Die Menschen im Einzugsgebiet der Musichimi-Klinik im S\u00fcden des Busia-Distrikts leben in weit zersiedelten D\u00f6rfern. Ein motorisiertes Fahrzeug besitzt niemand.&nbsp;In der Gegend gibt es weder geteerte Stra\u00dfen noch \u00f6ffentliche Transportmittel. Vor allem in den Regenzeiten werden die Pisten teils unpassierbar. Das n\u00e4chstgelegene, gr\u00f6\u00dfere Krankenhaus f\u00fcr \u00dcberweisungen schwerer F\u00e4lle ist 80 Kilometer entfernt. Einziges Gef\u00e4hrt der Klinik war bis vor Kurzem eine so genannte \u201eBusch-Ambulanz\u201c, ein Gel\u00e4ndemotorrad mit Anh\u00e4nger.<\/p>\n\n\n<div class=\"wp-block-image\">\n<figure class=\"aligncenter\"><img loading=\"lazy\" decoding=\"async\" width=\"1024\" height=\"512\" src=\"https:\/\/freundeskreis-uganda.de\/wp-content\/uploads\/2018\/05\/Picture-581-e1527766174617-1024x512.jpg\" alt=\"\" class=\"wp-image-577\" srcset=\"https:\/\/freundeskreis-uganda.de\/wp-content\/uploads\/2018\/05\/Picture-581-e1527766174617-1024x512.jpg 1024w, https:\/\/freundeskreis-uganda.de\/wp-content\/uploads\/2018\/05\/Picture-581-e1527766174617-300x150.jpg 300w, https:\/\/freundeskreis-uganda.de\/wp-content\/uploads\/2018\/05\/Picture-581-e1527766174617-768x384.jpg 768w\" sizes=\"auto, (max-width: 1024px) 100vw, 1024px\" \/><\/figure>\n<\/div>\n\n\n<p style=\"font-size:18px\">Die Stabilisierung der Einnahmen der Klinik durch das &#8222;Mayuge Housing Project&#8220; er\u00f6ffnete 2017 den Spielraum, das Mobilit\u00e4tsproblem der Musichimi-Klinik anzugehen. Zwar kann die Klinik nun ihre laufenden Kosten selbst decken, die Investition in ein allradbetriebenes Ambulanzfahrzeug war jedoch undenkbar. In enger Absprache mit den Projektpartnern schaffte der Freundeskreis ein geeignetes Fahrzeug in S\u00fcdafrika an. In einem Spenden-Marathon der besonderen Art wurde das Fahrzeug nach Uganda \u00fcberbracht, <a href=\"https:\/\/freundeskreis-uganda.de\/index.php\/2017\/12\/07\/solidaritaet-made-in-geislingen-2\/\">wo es Ende November 2017 feierlich an die Verantwortlichen der Musichimi-Klinik \u00fcbergeben werden konnte<\/a>.<\/p>\n\n\n<div class=\"wp-block-image\">\n<figure class=\"aligncenter\"><img loading=\"lazy\" decoding=\"async\" width=\"1024\" height=\"512\" src=\"https:\/\/freundeskreis-uganda.de\/wp-content\/uploads\/2018\/05\/IMG_5778-e1527764943492-1024x512.jpg\" alt=\"\" class=\"wp-image-569\" srcset=\"https:\/\/freundeskreis-uganda.de\/wp-content\/uploads\/2018\/05\/IMG_5778-e1527764943492-1024x512.jpg 1024w, https:\/\/freundeskreis-uganda.de\/wp-content\/uploads\/2018\/05\/IMG_5778-e1527764943492-300x150.jpg 300w, https:\/\/freundeskreis-uganda.de\/wp-content\/uploads\/2018\/05\/IMG_5778-e1527764943492-768x384.jpg 768w\" sizes=\"auto, (max-width: 1024px) 100vw, 1024px\" \/><\/figure>\n<\/div>\n\n\n<p><strong>Kooperation mit dem Distrikt Busia&nbsp;<\/strong><\/p>\n\n\n\n<p style=\"font-size:18px\">Die Kooperation mit dem Distrikt Busia hat sich seit 2021 stetig verbessert. Der Distrikt und dessen Verwaltungsangestellte erkennen die Klinik als wichtigen Baustein der Gesundheitsf\u00fcrsorge an. Neben der angedachten Kooperation mit dem Distrikt-Arzt f\u00fcr regelm\u00e4\u00dfige OP-Termine wurde die Klinik Anfang des Jahres mit einer neuen, gr\u00f6\u00dferen Ambulanz unterst\u00fctzt. Diese Ambulanz wurde von einer anderen Klink, die aus privaten Gr\u00fcnden geschlossen werden musste, an die Musichimi Klink gespendet und ist dort seit Mai 2023 im Einsatz. Diese Spende wurde durch die gute Kooperation mit den Distrikt Busia erm\u00f6glicht und freut uns sehr.<span style=\"font-size: 11.0pt;\"><\/span><\/p>\n\n\n\n<figure class=\"wp-block-image alignnone wp-image-2189 size-full\"><img loading=\"lazy\" decoding=\"async\" width=\"1080\" height=\"666\" src=\"https:\/\/freundeskreis-uganda.de\/wp-content\/uploads\/2023\/07\/IMG-20230515-WA0003-e1688421939125.jpg\" alt=\"\" class=\"wp-image-2189\" srcset=\"https:\/\/freundeskreis-uganda.de\/wp-content\/uploads\/2023\/07\/IMG-20230515-WA0003-e1688421939125.jpg 1080w, https:\/\/freundeskreis-uganda.de\/wp-content\/uploads\/2023\/07\/IMG-20230515-WA0003-e1688421939125-300x185.jpg 300w, https:\/\/freundeskreis-uganda.de\/wp-content\/uploads\/2023\/07\/IMG-20230515-WA0003-e1688421939125-1024x631.jpg 1024w, https:\/\/freundeskreis-uganda.de\/wp-content\/uploads\/2023\/07\/IMG-20230515-WA0003-e1688421939125-768x474.jpg 768w, https:\/\/freundeskreis-uganda.de\/wp-content\/uploads\/2023\/07\/IMG-20230515-WA0003-e1688421939125-825x510.jpg 825w\" sizes=\"auto, (max-width: 1080px) 100vw, 1080px\" \/><figcaption class=\"wp-element-caption\">Die neue Musichimi Ambulanz 2023<\/figcaption><\/figure>\n\n\n\n<p><strong>Freunde und Partner<\/strong><\/p>\n\n\n\n<p>Pfarrer Dr. Vincent Ndanda, Initiator der Musichimi-Klinik und ehrenamtlicher Gesch\u00e4ftsf\u00fchrer ihrer Tr\u00e4gerorganisation, ist ein langj\u00e4hriger Freund unseres Vereins. Bei regelm\u00e4\u00dfigen, gegenseitigen Besuchen tauschen wir uns \u00fcber Herausforderungen und Fortschritte aus und diskutieren die zentralen Weichenstellungen f\u00fcr die Zukunft des Klinik-Projektes. Dieser enge Austausch und die vertrauensvolle Zusammenarbeit mit den Verantwortlichen vor Ort stellen den Erfolg unserer Partnerschaft sicher.<\/p>\n\n\n<div class=\"wp-block-image\">\n<figure class=\"alignright\"><img loading=\"lazy\" decoding=\"async\" width=\"1024\" height=\"512\" src=\"https:\/\/freundeskreis-uganda.de\/wp-content\/uploads\/2018\/05\/IMG_7042-e1527705396892-1024x512.jpg\" alt=\"\" class=\"wp-image-441\" srcset=\"https:\/\/freundeskreis-uganda.de\/wp-content\/uploads\/2018\/05\/IMG_7042-e1527705396892-1024x512.jpg 1024w, https:\/\/freundeskreis-uganda.de\/wp-content\/uploads\/2018\/05\/IMG_7042-e1527705396892-300x150.jpg 300w, https:\/\/freundeskreis-uganda.de\/wp-content\/uploads\/2018\/05\/IMG_7042-e1527705396892-768x384.jpg 768w\" sizes=\"auto, (max-width: 1024px) 100vw, 1024px\" \/><\/figure>\n<\/div>\n\n\n<p>Sie k\u00f6nnen direkt die Arbeit der Musichimi-Klinik finanziell unterst\u00fctzen indem sie in ihrer \u00dcberweisung das Stichwort &#8222;Klinik&#8220; angeben.<\/p>\n\n\n\n<p>Unser Spendenkonto:<br>Freundeskreis Uganda e.V. | IBAN: DE25 4306 0967 7010 7487 00 | &nbsp;&nbsp; BIC: GENODEM1GLS<\/p>\n\n\n\n<p><\/p>\n","protected":false},"excerpt":{"rendered":"<p>Gesundheitsversorgung fernab der Hauptstra\u00dfen Das \u201eMusichimi Health Centre\u201c ist eine Klinik im Busia-Distrikt im S\u00fcdosten Ugandas. \u201eMusichimi\u201c bedeutet Busch oder Wald und beschreibt die dortige Vegetation. Die l\u00e4ndliche Gegend ist gepr\u00e4gt von fehlender Infrastruktur und sehr geringen Einkommen. Medizinische Versorgung k\u00f6nnen sich hier nur die wenigsten leisten, zumal es an entsprechenden Einrichtungen mangelt. Dies hat &hellip; <a href=\"https:\/\/freundeskreis-uganda.de\/index.php\/unsere-partnerprojekte\/die-musichimi-klinik\/\" class=\"more-link\"><span class=\"screen-reader-text\">Die &#8222;Musichimi&#8220;-Klinik<\/span> weiterlesen<\/a><\/p>\n","protected":false},"author":1,"featured_media":1037,"parent":101,"menu_order":0,"comment_status":"closed","ping_status":"closed","template":"","meta":{"footnotes":""},"class_list":["post-197","page","type-page","status-publish","has-post-thumbnail","hentry"],"_links":{"self":[{"href":"https:\/\/freundeskreis-uganda.de\/index.php\/wp-json\/wp\/v2\/pages\/197","targetHints":{"allow":["GET"]}}],"collection":[{"href":"https:\/\/freundeskreis-uganda.de\/index.php\/wp-json\/wp\/v2\/pages"}],"about":[{"href":"https:\/\/freundeskreis-uganda.de\/index.php\/wp-json\/wp\/v2\/types\/page"}],"author":[{"embeddable":true,"href":"https:\/\/freundeskreis-uganda.de\/index.php\/wp-json\/wp\/v2\/users\/1"}],"replies":[{"embeddable":true,"href":"https:\/\/freundeskreis-uganda.de\/index.php\/wp-json\/wp\/v2\/comments?post=197"}],"version-history":[{"count":54,"href":"https:\/\/freundeskreis-uganda.de\/index.php\/wp-json\/wp\/v2\/pages\/197\/revisions"}],"predecessor-version":[{"id":2817,"href":"https:\/\/freundeskreis-uganda.de\/index.php\/wp-json\/wp\/v2\/pages\/197\/revisions\/2817"}],"up":[{"embeddable":true,"href":"https:\/\/freundeskreis-uganda.de\/index.php\/wp-json\/wp\/v2\/pages\/101"}],"wp:featuredmedia":[{"embeddable":true,"href":"https:\/\/freundeskreis-uganda.de\/index.php\/wp-json\/wp\/v2\/media\/1037"}],"wp:attachment":[{"href":"https:\/\/freundeskreis-uganda.de\/index.php\/wp-json\/wp\/v2\/media?parent=197"}],"curies":[{"name":"wp","href":"https:\/\/api.w.org\/{rel}","templated":true}]}}